{"id":117,"date":"2025-05-20T22:28:28","date_gmt":"2025-05-20T20:28:28","guid":{"rendered":"https:\/\/milady-mourillon.com\/?page_id=117"},"modified":"2026-02-04T16:51:47","modified_gmt":"2026-02-04T15:51:47","slug":"117-2","status":"publish","type":"page","link":"https:\/\/milady-mourillon.com\/index.php\/117-2\/","title":{"rendered":"Nos menus"},"content":{"rendered":"\n<div class=\"wp-block-columns is-layout-flex wp-container-core-columns-is-layout-28f84493 wp-block-columns-is-layout-flex\">\n<div class=\"wp-block-column is-layout-flow wp-block-column-is-layout-flow\">\n<figure class=\"wp-block-image size-large\"><img loading=\"lazy\" decoding=\"async\" width=\"1024\" height=\"1024\" src=\"http:\/\/milady-mourillon.com\/wp-content\/uploads\/2025\/03\/IMG_9989-2-1024x1024.jpg\" alt=\"\" class=\"wp-image-20\" srcset=\"https:\/\/milady-mourillon.com\/wp-content\/uploads\/2025\/03\/IMG_9989-2-1024x1024.jpg 1024w, https:\/\/milady-mourillon.com\/wp-content\/uploads\/2025\/03\/IMG_9989-2-300x300.jpg 300w, https:\/\/milady-mourillon.com\/wp-content\/uploads\/2025\/03\/IMG_9989-2-150x150.jpg 150w, https:\/\/milady-mourillon.com\/wp-content\/uploads\/2025\/03\/IMG_9989-2-768x768.jpg 768w, https:\/\/milady-mourillon.com\/wp-content\/uploads\/2025\/03\/IMG_9989-2-1536x1536.jpg 1536w, https:\/\/milady-mourillon.com\/wp-content\/uploads\/2025\/03\/IMG_9989-2-2048x2048.jpg 2048w\" sizes=\"auto, (max-width: 1024px) 100vw, 1024px\" \/><\/figure>\n<\/div>\n\n\n\n<div class=\"wp-block-column is-layout-flow wp-block-column-is-layout-flow\">\n<figure class=\"wp-block-image size-large\"><img loading=\"lazy\" decoding=\"async\" width=\"1024\" height=\"1024\" src=\"http:\/\/milady-mourillon.com\/wp-content\/uploads\/2025\/03\/IMG_9584-2-1-1024x1024.jpg\" alt=\"\" class=\"wp-image-95\" srcset=\"https:\/\/milady-mourillon.com\/wp-content\/uploads\/2025\/03\/IMG_9584-2-1-1024x1024.jpg 1024w, https:\/\/milady-mourillon.com\/wp-content\/uploads\/2025\/03\/IMG_9584-2-1-300x300.jpg 300w, https:\/\/milady-mourillon.com\/wp-content\/uploads\/2025\/03\/IMG_9584-2-1-150x150.jpg 150w, https:\/\/milady-mourillon.com\/wp-content\/uploads\/2025\/03\/IMG_9584-2-1-768x768.jpg 768w, https:\/\/milady-mourillon.com\/wp-content\/uploads\/2025\/03\/IMG_9584-2-1-1536x1536.jpg 1536w, https:\/\/milady-mourillon.com\/wp-content\/uploads\/2025\/03\/IMG_9584-2-1-2048x2048.jpg 2048w\" sizes=\"auto, (max-width: 1024px) 100vw, 1024px\" \/><\/figure>\n<\/div>\n\n\n\n<div class=\"wp-block-column is-layout-flow wp-block-column-is-layout-flow\">\n<figure class=\"wp-block-image size-large\"><img loading=\"lazy\" decoding=\"async\" width=\"1024\" height=\"1024\" src=\"http:\/\/milady-mourillon.com\/wp-content\/uploads\/2025\/03\/IMG_9610-2-1024x1024.jpg\" alt=\"\" class=\"wp-image-18\" srcset=\"https:\/\/milady-mourillon.com\/wp-content\/uploads\/2025\/03\/IMG_9610-2-1024x1024.jpg 1024w, https:\/\/milady-mourillon.com\/wp-content\/uploads\/2025\/03\/IMG_9610-2-300x300.jpg 300w, https:\/\/milady-mourillon.com\/wp-content\/uploads\/2025\/03\/IMG_9610-2-150x150.jpg 150w, https:\/\/milady-mourillon.com\/wp-content\/uploads\/2025\/03\/IMG_9610-2-768x768.jpg 768w, https:\/\/milady-mourillon.com\/wp-content\/uploads\/2025\/03\/IMG_9610-2-1536x1536.jpg 1536w, https:\/\/milady-mourillon.com\/wp-content\/uploads\/2025\/03\/IMG_9610-2-2048x2048.jpg 2048w\" sizes=\"auto, (max-width: 1024px) 100vw, 1024px\" \/><\/figure>\n<\/div>\n<\/div>\n\n\n\n<div class=\"wp-block-columns is-layout-flex wp-container-core-columns-is-layout-28f84493 wp-block-columns-is-layout-flex\">\n<div class=\"wp-block-column is-layout-flow wp-block-column-is-layout-flow\">\n<p class=\"has-text-align-center\"><strong>VINS &amp; COCKTAILS<\/strong><\/p>\n<\/div>\n\n\n\n<div class=\"wp-block-column is-layout-flow wp-block-column-is-layout-flow\">\n<p class=\"has-text-align-center\"><strong>MILADY LE MIDI<br><\/strong><\/p>\n<\/div>\n\n\n\n<div class=\"wp-block-column is-layout-flow wp-block-column-is-layout-flow\">\n<p class=\"has-text-align-center\"><strong>MILADY LE SOIR<br><\/strong><\/p>\n<\/div>\n<\/div>\n\n\n\n<div class=\"wp-block-columns is-layout-flex wp-container-core-columns-is-layout-28f84493 wp-block-columns-is-layout-flex\">\n<div class=\"wp-block-column is-layout-flow wp-block-column-is-layout-flow\">\n<p><mark style=\"background-color:rgba(0, 0, 0, 0);color:#62513c\" class=\"has-inline-color\">Cocktails signatures cr\u00e9\u00e9s par notre directeur adjoint, passionn\u00e9 de mixologie, et vins bio s\u00e9lectionn\u00e9s chez des petits producteurs locaux.<\/mark> \u00c0 savourer les pieds dans le sable ou face \u00e0 la mer.<\/p>\n<\/div>\n\n\n\n<div class=\"wp-block-column is-layout-flow wp-block-column-is-layout-flow\">\n<p>\u00c0 l\u2019heure du d\u00e9jeuner, place \u00e0 la l\u00e9g\u00e8ret\u00e9 et \u00e0 la fra\u00eecheur.<br>Des assiettes de saison, \u00e9quilibr\u00e9es et savoureuses, id\u00e9ales pour une pause gourmande face \u00e0 la mer.<\/p>\n<\/div>\n\n\n\n<div class=\"wp-block-column is-layout-flow wp-block-column-is-layout-flow\">\n<p><mark style=\"background-color:rgba(0, 0, 0, 0);color:#62513c\" class=\"has-inline-color\">Quand tombe la nuit, l\u2019exp\u00e9rience se fait plus raffin\u00e9e.<br>Une carte \u00e9l\u00e9gante et g\u00e9n\u00e9reuse, pens\u00e9e pour sublimer vos soir\u00e9es en bord de plage.<\/mark><\/p>\n<\/div>\n<\/div>\n\n\n\n<div class=\"wp-block-columns is-layout-flex wp-container-core-columns-is-layout-28f84493 wp-block-columns-is-layout-flex\">\n<div class=\"wp-block-column is-layout-flow wp-block-column-is-layout-flow\">\n<div class=\"wp-block-buttons is-layout-flex wp-block-buttons-is-layout-flex\">\n<div class=\"wp-block-button is-style-fill\"><a class=\"wp-block-button__link has-text-align-center wp-element-button\" href=\"http:\/\/milady-mourillon.com\/wp-content\/uploads\/2025\/07\/BOISSONS-MILADY.pdf\" target=\"_blank\" rel=\"noreferrer noopener\">Carte des boissons <\/a><\/div>\n<\/div>\n<\/div>\n\n\n\n<div class=\"wp-block-column is-layout-flow wp-block-column-is-layout-flow\">\n<div class=\"wp-block-buttons is-layout-flex wp-container-core-buttons-is-layout-168ce233 wp-block-buttons-is-layout-flex\">\n<div class=\"wp-block-button\"><a class=\"wp-block-button__link wp-element-button\" href=\"http:\/\/milady-mourillon.com\/wp-content\/uploads\/2026\/02\/MENUS-MILADY.pdf\" target=\"_blank\" rel=\"noreferrer noopener\">Carte Midi<\/a><\/div>\n<\/div>\n<\/div>\n\n\n\n<div class=\"wp-block-column is-layout-flow wp-block-column-is-layout-flow\">\n<div class=\"wp-block-buttons is-layout-flex wp-block-buttons-is-layout-flex\">\n<div class=\"wp-block-button\"><a class=\"wp-block-button__link wp-element-button\" href=\"http:\/\/milady-mourillon.com\/wp-content\/uploads\/2026\/02\/MENUS-MILADY.pdf\" target=\"_blank\" rel=\"noreferrer noopener\">Carte Soir<\/a><\/div>\n<\/div>\n<\/div>\n<\/div>\n\n\n\n<p><\/p>\n","protected":false},"excerpt":{"rendered":"<p>VINS &amp; COCKTAILS MILADY LE MIDI MILADY LE SOIR Cocktails signatures cr\u00e9\u00e9s par notre directeur adjoint, passionn\u00e9 de mixologie, et vins bio s\u00e9lectionn\u00e9s chez des petits producteurs locaux. \u00c0 savourer les pieds dans le sable ou face \u00e0 la mer. \u00c0 l\u2019heure du d\u00e9jeuner, place \u00e0 la l\u00e9g\u00e8ret\u00e9 et \u00e0 la fra\u00eecheur.Des assiettes de saison, [&hellip;]<\/p>\n","protected":false},"author":1,"featured_media":0,"parent":0,"menu_order":0,"comment_status":"closed","ping_status":"closed","template":"","meta":{"googlesitekit_rrm_CAow6MjADA:productID":"","footnotes":""},"class_list":["post-117","page","type-page","status-publish","hentry"],"_links":{"self":[{"href":"https:\/\/milady-mourillon.com\/index.php\/wp-json\/wp\/v2\/pages\/117","targetHints":{"allow":["GET"]}}],"collection":[{"href":"https:\/\/milady-mourillon.com\/index.php\/wp-json\/wp\/v2\/pages"}],"about":[{"href":"https:\/\/milady-mourillon.com\/index.php\/wp-json\/wp\/v2\/types\/page"}],"author":[{"embeddable":true,"href":"https:\/\/milady-mourillon.com\/index.php\/wp-json\/wp\/v2\/users\/1"}],"replies":[{"embeddable":true,"href":"https:\/\/milady-mourillon.com\/index.php\/wp-json\/wp\/v2\/comments?post=117"}],"version-history":[{"count":19,"href":"https:\/\/milady-mourillon.com\/index.php\/wp-json\/wp\/v2\/pages\/117\/revisions"}],"predecessor-version":[{"id":281,"href":"https:\/\/milady-mourillon.com\/index.php\/wp-json\/wp\/v2\/pages\/117\/revisions\/281"}],"wp:attachment":[{"href":"https:\/\/milady-mourillon.com\/index.php\/wp-json\/wp\/v2\/media?parent=117"}],"curies":[{"name":"wp","href":"https:\/\/api.w.org\/{rel}","templated":true}]}}